it of 49800983?
8
What is the tens digit of 52956272?
7
What is the thousands digit of 222192648?
2
What is the hundreds digit of 494402391?
3
What is the billions digit of 4829403456?
4
What is the hundred thousands digit of 326605886?
6
What is the hundreds digit of 1090002683?
6
What is the hundred millions digit of 136759140?
1
What is the hundred millions digit of 3879164903?
8
What is the hundred thousands digit of 2318522897?
5
What is the hundred thousands digit of 38297660?
2
What is the millions digit of 451924703?
1
What is the billions digit of 2927303218?
2
What is the hundreds digit of 4087727029?
0
What is the units digit of 86844116?
6
What is the millions digit of 3082595919?
2
What is the ten thousands digit of 1007851316?
5
What is the ten millions digit of 83995780?
8
What is the tens digit of 156964317?
1
What is the ten thousands digit of 259670938?
7
What is the thousands digit of 27578445?
8
What is the hundred thousands digit of 56517931?
5
What is the ten millions digit of 3368950285?
6
What is the tens digit of 1388194719?
1
What is the thousands digit of 18405710?
5
What is the hundred thousands digit of 30181843?
1
What is the thousands digit of 5208671926?
1
What is the ten millions digit of 138112018?
3
What is the tens digit of 178368789?
8
What is the tens digit of 35369473?
7
What is the thousands digit of 16848536?
8
What is the ten millions digit of 424872227?
2
What is the units digit of 60585835?
5
What is the ten thousands digit of 3702655?
0
What is the hundred thousands digit of 5220598230?
5
What is the hundreds digit of 2955959209?
2
What is the units digit of 233411549?
9
What is the hundred thousands digit of 40281849?
2
What is the tens digit of 18263217?
1
What is the hundred thousands digit of 64140244?
1
What is the tens digit of 9704204?
0
What is the millions digit of 236821706?
6
What is the hundreds digit of 60374891?
8
What is the thousands digit of 1564196902?
6
What is the tens digit of 2033633374?
7
What is the units digit of 153473920?
0
What is the units digit of 1686906210?
0
What is the ten millions digit of 1236229935?
3
What is the ten thousands digit of 65477647?
7
What is the billions digit of 4839594162?
4
What is the thousands digit of 27086119?
6
What is the hundred millions digit of 127136109?
1
What is the millions digit of 76451483?
6
What is the tens digit of 64229634?
3
What is the hundred thousands digit of 53616137?
6
What is the thousands digit of 26905050?
5
What is the tens digit of 104644106?
0
What is the hundreds digit of 72953933?
9
What is the millions digit of 251254588?
1
What is the thousands digit of 196846667?
6
What is the millions digit of 73613386?
3
What is the hundred thousands digit of 887510360?
5
What is the ten millions digit of 15135725?
1
What is the ten millions digit of 200555089?
0
What is the ten thousands digit of 443744369?
4
What is the millions digit of 20723053?
0
What is the hundred thousands digit of 11590822?
5
What is the tens digit of 415198288?
8
What is the millions digit of 88306459?
8
What is the tens digit of 35527163?
6
What is the units digit of 1792325100?
0
What is the millions digit of 987889503?
7
What is the thousands digit of 1728838954?
8
What is the units digit of 138787652?
2
What is the tens digit of 51735331?
3
What is the tens digit of 123605891?
9
What is the hundreds digit of 41482837?
8
What is the ten thousands digit of 131426759?
2
What is the millions digit of 648929882?
8
What is the ten millions digit of 1079409647?
7
What is the thousands digit of 146606251?
6
What is the hundreds digit of 167332361?
3
What is the thousands digit of 239827414?
7
What is the thousands digit of 1365723572?
3
What is the thousands digit of 1064460142?
0
What is the hundreds digit of 5934509937?
9
What is the hundred thousands digit of 40466110?
4
What is the ten thousands digit of 2314983799?
8
What is the units digit of 64004896?
6
What is the tens digit of 37549102?
0
What is the hundreds digit of 84908369?
3
What is the tens digit of 1029918416?
1
What is the ten thousands digit of 2189669856?
6
What is the hundreds digit of 4685558753?
7
What is the hundred thousands digit of 582772824?
7
What is the hundreds digit of 19178609?
6
What is the tens digit of 90526906?
0
What is the hundreds digit of 53638201?
2
What is the ten thousands digit of 7052673?
5
What is the hundred thousands digit of 672860707?
8
What is the millions digit of 120176422?
0
What is the ten thousands digit of 754289942?
8
What is the millions digit of 788997763?
8
What is the units digit of 61376390?
0
What is the ten millions digit of 81350321?
8
What is the hundreds digit of 9137461996?
9
What is the hundreds digit of 232983237?
2
What is the tens digit of 432280687?
8
What is the ten thousands digit of 492296316?
9
What is the ten millions digit of 285495145?
8
What is the tens digit of 1480461356?
5
What is the ten thousands digit of 8311967?
1
What is the thousands digit of 676634659?
4
What is the millions digit of 151594715?
1
What is the thousands digit of 5292571894?
1
What is the ten millions digit of 1537463930?
3
What is the ten thousands digit of 1811737076?
3
What is the hundreds digit of 8407297?
2
What is the thousands digit of 375009257?
9
What is the hundred thousands digit of 315678844?
6
What is the hundred thousands digit of 4213485101?
4
What is the units digit of 52883897?
7
What is the thousands digit of 135799945?
9
What is the units digit of 1367252066?
6
What is the hundreds digit of 366072649?
6
What is the millions digit of 28363725?
8
What is the units digit of 87808183?
3
What is the thousands digit of 25309766?
9
What is the ten millions digit of 2934324286?
3
What is the hundred thousands digit of 557622744?
6
What is the units digit of 130027669?
9
What is the millions digit of 76675151?
6
What is the ten thousands digit of 3726745713?
4
What is the thousands digit of 1166892576?
2
What is the ten thousands digit of 183228490?
2
What is the hundred thousands digit of 7319100?
3
What is the thousands digit of 67762198?
2
What is the ten thousands digit of 34612471?
1
What is the hundred thousands digit of 44826715?
8
What is the ten thousands digit of 13128015?
2
What is the tens digit of 293989734?
3
What is the tens digit of 7126993427?
2
What is the ten thousands digit of 116781138?
8
What is the ten millions digit of 3242956425?
4
What is the hundreds digit of 2490021352?
3
What is the ten thousands digit of 30843199?
4
What is the ten thousands digit of 406631?
0
What is the millions digit of 5974748731?
4
What is the tens digit of 5353509169?
6
What is the tens digit of 39345776?
7
What is the units digit of 2357545044?
4
What is the hundred millions digit of 1333253589?
3
What is the ten millions digit of 52407235?
5
What is the tens digit of 2707268801?
0
What is the hundreds digit of 8056671623?
6
What is the hundreds digit of 995452322?
3
What is the hundred millions digit of 6823356842?
8
What is the thousands digit of 902274009?
4
What is the millions digit of 5103900507?
3
What is the millions digit of 566031078?
6
What is the ten thousands digit of 117449114?
4
What is the thousands digit of 42407867?
7
What is the ten millions digit of 124895524?
2
What is the ten thousands digit of 133502522?
0
What is the ten millions digit of 935083297?
3
What is the ten thousands digit of 1615999787?
9
What is the millions digit of 2282324399?
2
What is the hundred millions digit of 5519461982?
5
What is the ten thousands digit of 41646326?
4
What is the hundreds digit of 877011407?
4
What is the tens digit of 270774952?
5
What is the thousands digit of 7248307?
8
What is the ten millions digit of 924477965?
2
What is the ten thousands digit of 40622725?
2
What is the ten millions digit of 772481064?
7
What is the hundred millions digit of 3259371911?
2
What is the units digit of 4720935?
5
What is the millions digit of 621176239?
1
What is the ten thousands digit of 1084654?
8
What is the thousands digit of 3324041408?
1
What is the hundred thousands digit of 66284652?
2
What is the units digit of 17983444?
4
What is the ten millions digit of 40216541?
4
What is the millions digit of 263506362?
3
What is the 